3*t**3 + 27*t**2 + 2146*t - 17361. Give b(8).
-1
Let p(b) = 5*b**3 + 8*b**2 - 10*b + 4. Calculate p(-6).
-728
Let q(v) = -43*v - 1764. Calculate q(-58).
730
Let d(t) = -t**3 + 588*t**2 - 313*t + 531286. Determine d(589).
8
Let d(s) = 13541*s - 3033184. Determine d(224).
0
Let d(s) = 11*s**3 - 3*s**2 + 21*s - 180. Calculate d(5).
1225
Let u(k) = k**3 + 18*k**2 + 28*k - 139. Determine u(-16).
-75
Let i(p) = -9*p**2 - 1314*p - 40686. Determine i(-102).
-294
Let i(l) = -l**3 + 45*l**2 + 38*l + 19994. Calculate i(53).
-464
Let y(t) = -2791*t - 203647. Give y(-73).
96
Let i(p) = -p**2 - 3826*p - 22943. Give i(-6).
-23
Let q(v) = 234778*v + 3521679. Calculate q(-15).
9
Let m(y) = -538505*y - 38772366. Give m(-72).
-6
Let y(c) = -701*c**2 + 316809*c + 19444. What is y(452)?
8
Let c(q) = -q**2 + 16005*q + 738295. Give c(-46).
-51
Let a(r) = -72234*r - 2022564. Calculate a(-28).
-12
Let m(n) = -n**2 - 17501*n + 7765419. Determine m(433).
-3
Let b(u) = -12*u**3 - u**2 + 59*u - 58. Give b(1).
-12
Let l(a) = -435*a**3 + 3*a**2 + 2968*a - 2971. Determine l(1).
-435
Let a(u) = -2*u**2 + 6929*u - 5667225. Determine a(2141).
2
Let r(d) = 37902*d - 189501. What is r(5)?
9
Let y(n) = -n**3 - 123*n**2 + 517*n + 1069. Calculate y(-127).
-74
Let x(f) = -8*f**3 - f**2 - 6554*f - 6554. What is x(-1)?
7
Let d(p) = -p**3 + 551*p**2 - 9122*p + 23292. What is d(534)?
-204
Let l(s) = -s**3 + 5732*s - 28545. Give l(5).
-10
Let o(d) = d**2 + 122486*d - 2695151. What is o(22)?
25
Let a(j) = 69*j**2 + 3962*j - 2334. Give a(-58).
-14
Let i(n) = 59*n**2 - 171*n + 580. Give i(4).
840
Let k(l) = 8*l**2 - 197*l - 221. Calculate k(23).
-520
Let y(q) = -31*q**3 - 3*q**2 - 890*q + 1804. Calculate y(2).
-236
Let x(f) = 743*f - 67302. What is x(91)?
311
Let z(w) = -4*w**3 + 2*w**2 - 69*w + 149. Determine z(6).
-1057
Let u(o) = -293*o - 21323. Give u(-74).
359
Let f(j) = -4*j**2 - 470505*j - 6115898. Determine f(-13).
-9
Let u(r) = -r**3 + 29*r**2 - 900*r + 27660. Give u(30).
-240
Let g(z) = 338*z + 5641. Determine g(-16).
233
Let b(j) = j**2 - 2263*j - 151331. Calculate b(-65).
-11
Let d(v) = 332*v**3 - 3*v**2 - 11*v + 13. Calculate d(1).
331
Let n(f) = -2*f**3 + 15*f**2 - 430*f + 2960. Determine n(7).
-1
Let f(d) = 19*d**2 - 271*d - 31181. Calculate f(-34).
-3
Let s(k) = -284*k**3 + 6*k**2 + 24*k + 23. Calculate s(-1).
289
Let c(a) = 2*a**3 + 479*a**2 + 245*a + 1687. What is c(-239)?
253
Let h(o) = -40*o**2 - 69*o - 6. Determine h(-1).
23
Let a(l) = l**2 - 3027*l + 12099. Determine a(4).
7
Let n(f) = -f**2 + 44*f - 461. What is n(15)?
-26
Let s(i) = i**3 - 10*i**2 - 100*i + 63. What is s(16)?
-1
Let h(g) = 180*g**2 - 1824*g + 235. Determine h(10).
-5
Let k(r) = 23953*r - 215151. Determine k(9).
426
Let n(z) = -209133*z - 104775629. What is n(-501)?
4
Let b(m) = 7454*m - 141647. Calculate b(19).
-21
Let d(q) = -97246*q - 97239. What is d(-1)?
7
Let p(o) = -2*o**3 - 244*o**2 - 1594*o + 1893. What is p(-115)?
53
Let o(p) = 113632*p + 795439. Give o(-7).
15
Let b(o) = -8900*o - 4921694. Determine b(-553).
6
Let g(b) = b**3 + 6*b**2 - 53*b - 142. Give g(7).
124
Let c(q) = 13*q**3 + 171*q**2 + 268*q - 133. Calculate c(-10).
1287
Let i(l) = 1271*l**2 - 2569*l + 2. Calculate i(2).
-52
Let g(v) = -367*v**3 - 451*v**2 + 906*v - 3. Calculate g(2).
-2931
Let v(h) = 195*h + 995. Calculate v(-7).
-370
Let l(s) = 24*s - 5921. Determine l(153).
-2249
Let r(m) = 738*m - 6470. Give r(9).
172
Let f(s) = 332*s - 5286. Calculate f(15).
-306
Let l(a) = -2*a**3 - 66*a**2 - 1617*a + 21361. Give l(9).
4
Let v(f) = 1679*f + 114221. Give v(-68).
49
Let o(d) = 8*d**3 + 668*d**2 - 338*d - 213. Give o(-84).
-45
Let i(x) = x**3 + 110*x**2 - 356*x - 19. Give i(-113).
1902
Let p(y) = -1291753*y + 1291773. What is p(1)?
20
Let b(n) = -464*n + 4273. What is b(10)?
-367
Let f(y) = -11*y**2 + 45*y + 113. Determine f(6).
-13
Let l(d) = d**3 - 3121*d**2 - 56495*d + 123. Determine l(-18).
-3
Let k(p) = 2*p**3 - 9*p**2 + 17*p + 134. Calculate k(8).
718
Let q(f) = 145*f**2 - 1801*f + 3498. What is q(10)?
-12
Let k(x) = -17*x**3 + 121*x**2 + 4*x - 125. What is k(7)?
1
Let y(o) = -o**2 + 26*o + 709. Determine y(34).
437
Let u(g) = -3*g**3 - 154*g**2 + 1832*g + 22. What is u(10)?
-58
Let d(h) = 208929*h + 417828. Determine d(-2).
-30
Let d(r) = 20564*r - 14579878. Determine d(709).
-2
Let h(z) = -8*z**2 - 695*z - 3849. Calculate h(-81).
-42
Let b(t) = -t**2 + 294*t - 2154. What is b(9)?
411
Let f(g) = -3*g**2 - 2*g - 346. Calculate f(12).
-802
Let c(i) = -i**3 - 37*i**2 - 172*i - 474. What is c(-32)?
-90
Let q(h) = 4*h**2 - 1307*h - 7999. What is q(-6)?
-13
Let v(m) = 573*m**2 + 10310*m - 86. Calculate v(-18).
-14
Let k(f) = f**2 - 700*f + 115341. What is k(266)?
-103
Let a(p) = 25*p + 304. Calculate a(-16).
-96
Let l(z) = -2*z**3 + 268*z**2 - 8977*z + 485. Calculate l(69).
2
Let v(h) = -h**3 - 74*h**2 - 1265*h + 97. Calculate v(-49).
2057
Let g(q) = -3335*q + 57434. What is g(17)?
739
Let y(z) = 2*z**3 - 9*z**2 + 269*z + 1302. Give y(-5).
-518
Let q(a) = -23*a**2 - 2697*a - 336. What is q(-117)?
366
Let p(c) = 57*c + 4520. Give p(-79).
17
Let a(b) = b**3 + 24*b**2 - 218*b - 4159. Give a(-27).
-460
Let r(j) = 728*j**2 + 722*j - 11. What is r(-1)?
-5
Let o(g) = -g**3 + 48*g**2 + 4*g - 5719. What is o(46)?
-1303
Let r(u) = 11622*u + 15805947. Calculate r(-1360).
27
Let o(s) = -19709*s - 315737. Determine o(-16).
-393
Let g(v) = 2*v**2 - 32425*v + 8. What is g(0)?
8
Let k(m) = 917170*m + 5503030. What is k(-6)?
10
Let g(i) = 2*i**3 + 15*i**2 - i + 62. Calculate g(5).
682
Let v(d) = 31*d**2 - 3206*d + 10604. Give v(100).
4
Let t(m) = -65952*m - 2901867. Give t(-44).
21
Let l(s) = s**2 + 243*s - 2803. Give l(11).
-9
Let b(l) = 13*l**2 - 2761*l - 15886. Calculate b(218).
28
Let d(z) = z**3 - 10*z**2 - 40*z - 51. What is d(14)?
173
Let p(b) = -b**2 - 241*b - 10230. What is p(-55)?
0
Let x(i) = -6*i**3 - 602*i**2 - 189*i + 1157. What is x(-100)?
57
Let w(g) = 46369*g + 324590. Give w(-7).
7
Let m(r) = 57*r**2 - 12426*r + 24857. What is m(2)?
233
Let a(v) = 2*v**3 - 802*v**2 - 2439*v + 6343. Determine a(404).
283
Let g(z) = -744538*z + 1489184. What is g(2)?
108
Let p(z) = -25458*z + 712818. Determine p(28).
-6
Let p(j) = j**3 + 67*j**2 + 156*j + 5946. What is p(-66)?
6
Let b(u) = u**3 - 757*u**2 + 26613*u + 19444. Determine b(720).
4
Let s(d) = -d**3 - 55*d**2 + 75*d - 2126. Calculate s(-57).
97
Let p(o) = -231*o - 37835. Determine p(-164).
49
Let v(r) = 5*r**3 + 358*r**2 - 123*r + 3103. Give v(-72).
1591
Let q(g) = -607*g**2 + 23103*g - 1401. Calculate q(38).
5
Let h(c) = 474*c**2 - 41238*c - 25. Determine h(87).
-25
Let y(l) = 48*l**3 - 2256*l**2 - 5*l + 45. What is y(47)?
-190
Let i(c) = 12302*c - 246029. Calculate i(20).
11
Let v(f) = 9748*f + 8646468. Calculate v(-887).
-8
Let d(g) = 56*g**2 - 89*g - 771. What is d(-3)?
0
Let g(l) = 19*l**2 - 107*l - 1204. Determine g(-10).
1766
Let m(v) = 50*v + 313. Calculate m(103).
5463
Let x(n) = n**3 + 260*n**2 + 5220*n - 4107. Calculate x(-238).
-299
Let h(f) = -31335*f + 1002715. What is h(32)?
-5
Let y(m) = 132*m - 35032. Determine y(265).
-52
Let o(u) = u**3 + 29*u**2 - 52*u - 7. What is o(-21)?
4613
Let s(u) = 156*u - 17861. Give s(113).
-233
Let r(y) = y**3 - 61*y**2 + 1232*y - 8165. Calculate r(23).
69
Let s(h) = -10*h**2 + 2387*h + 2422. Determine s(-1).
25
Let m(a) = -6*a**3 - 156*a**2 - 38*a - 903. Determine m(-26).
85
Let g(d) = 14226*d - 796699. Give g(56).
-43
Let s(z) = -17*z**3 - 12*z**2 + 101*z - 298. Calculate s(4).
-1174
Let w(u) = 14890*u + 74357. Determine w(-5).
-93
Let c(l) = -2253*l + 13637. Calculate c(5).
2372
Let w(k) = -3*k**2 - 306*k + 408. Determine w(0).
408
Let q(x) = -61068*x + 366192. Determine q(6).
-216
Let w(n) = 29*n + 3233. Determine w(-7).
3030
Let z(c) = c**3 + 114*c**2 - 1833*c - 5271. Give z(-128).
-23
Let l(j) = -j**3 + 80*j**2 + 1609*j - 133556. Determine l(79).
-204
Let q(o) = 113440*o - 567206. Calculate q(5).
-6
Let z(o) = -6217*o - 161570. Give z(-26).
72
Let d(u) = u**3 - 16*u**2 + 4633*u - 115800. What is d(24)?
0
Let l(a) = -339*a - 13720. Give l(-40).
-160
Let i(k) = 9*k**2 - 372*k - 1411. Determine i(45).
74
Let a(w) = w**3 - 2*w**2 - 130*w + 78. Give a(-11).
-65
Let u(d) = -7*d**3 - 3*d**2 - 57*d + 139. What is u(2)?
-43
Let n(s) = 69